emainder when 290863 is divided by 290739.
124
What is the remainder when 24389002 is divided by 609725?
2
Calculate the remainder when 229420 is divided by 76407.
199
Calculate the remainder when 212662 is divided by 244.
138
What is the remainder when 6920221 is divided by 6948?
13
What is the remainder when 42569017 is divided by 212?
53
What is the remainder when 583133439 is divided by 9294?
9291
What is the remainder when 24690066 is divided by 127?
123
Calculate the remainder when 591674 is divided by 5236.
6
What is the remainder when 6800022 is divided by 1201?
1161
What is the remainder when 402545 is divided by 264?
209
Calculate the remainder when 133569 is divided by 32935.
1829
Calculate the remainder when 13281308 is divided by 406.
236
What is the remainder when 8148753 is divided by 1370?
1363
Calculate the remainder when 248935 is divided by 124408.
119
What is the remainder when 738603 is divided by 652?
539
What is the remainder when 310951 is divided by 77734?
15
Calculate the remainder when 3266533 is divided by 3266526.
7
What is the remainder when 1732964 is divided by 17683?
30
What is the remainder when 2200936 is divided by 7009?
110
Calculate the remainder when 49862191 is divided by 41.
0
Calculate the remainder when 1021766 is divided by 4752.
86
Calculate the remainder when 22964 is divided by 669.
218
What is the remainder when 840673 is divided by 1655?
1588
Calculate the remainder when 31922084 is divided by 13492.
12
What is the remainder when 510217 is divided by 350?
267
Calculate the remainder when 10119032 is divided by 139.
110
Calculate the remainder when 46127 is divided by 11364.
671
What is the remainder when 449905810 is divided by 7?
4
What is the remainder when 107557694 is divided by 1651?
1648
What is the remainder when 41699 is divided by 19769?
2161
Calculate the remainder when 18113171 is divided by 9056583.
5
What is the remainder when 449104 is divided by 485?
479
Calculate the remainder when 1816467 is divided by 2127.
9
Calculate the remainder when 30246 is divided by 2496.
294
What is the remainder when 1292122149 is divided by 19?
17
What is the remainder when 541547969 is divided by 29?
26
What is the remainder when 781940 is divided by 434?
306
Calculate the remainder when 2455679 is divided by 64623.
5
Calculate the remainder when 3118031 is divided by 284.
279
Calculate the remainder when 297645 is divided by 29748.
165
Calculate the remainder when 280045810 is divided by 1901.
1896
What is the remainder when 85416447 is divided by 41?
40
What is the remainder when 161327242 is divided by 2625?
2617
What is the remainder when 105390 is divided by 5847?
144
What is the remainder when 73854 is divided by 11044?
7590
Calculate the remainder when 15164940 is divided by 94.
14
Calculate the remainder when 81919 is divided by 78960.
2959
What is the remainder when 479843 is divided by 159881?
200
Calculate the remainder when 4978890 is divided by 289.
287
What is the remainder when 114310 is divided by 214?
34
Calculate the remainder when 3885145 is divided by 295.
290
What is the remainder when 207653 is divided by 306?
185
What is the remainder when 1183069 is divided by 2334?
2065
Calculate the remainder when 364826 is divided by 459.
380
Calculate the remainder when 3350869 is divided by 624.
613
What is the remainder when 1695045 is divided by 78?
27
What is the remainder when 685967 is divided by 685455?
512
What is the remainder when 19987886 is divided by 452?
446
Calculate the remainder when 18611296 is divided by 1677.
1627
What is the remainder when 3873982 is divided by 24?
22
What is the remainder when 1484531 is divided by 425?
6
What is the remainder when 192696 is divided by 34?
18
What is the remainder when 155502 is divided by 385?
347
What is the remainder when 59194364 is divided by 32?
28
Calculate the remainder when 9288160 is divided by 44.
24
Calculate the remainder when 158565596 is divided by 4955174.
28
Calculate the remainder when 303045 is divided by 302773.
272
What is the remainder when 5066688 is divided by 652?
648
What is the remainder when 26340837 is divided by 760?
757
What is the remainder when 415829 is divided by 2333?
555
What is the remainder when 51762143 is divided by 50?
43
What is the remainder when 1287320 is divided by 257439?
125
What is the remainder when 3098130 is divided by 86?
66
Calculate the remainder when 23694 is divided by 233.
161
Calculate the remainder when 4001 is divided by 1045.
866
Calculate the remainder when 83145 is divided by 82988.
157
Calculate the remainder when 70427 is divided by 1060.
467
What is the remainder when 8152077 is divided by 51?
33
Calculate the remainder when 446148 is divided by 55746.
180
Calculate the remainder when 228256 is divided by 7109.
768
What is the remainder when 7229933 is divided by 6?
5
Calculate the remainder when 5242201 is divided by 101.
99
Calculate the remainder when 580909 is divided by 193636.
1
Calculate the remainder when 10177265 is divided by 5088628.
9
What is the remainder when 519236 is divided by 43146?
1484
What is the remainder when 2348954 is divided by 1174295?
364
What is the remainder when 754178 is divided by 1174?
470
What is the remainder when 126250 is divided by 2557?
957
Calculate the remainder when 67181049 is divided by 852.
849
What is the remainder when 224793 is divided by 1676?
209
What is the remainder when 12273 is divided by 46?
37
Calculate the remainder when 107872 is divided by 2501.
329
Calculate the remainder when 384831 is divided by 107.
59
What is the remainder when 163642 is divided by 54?
22
Calculate the remainder when 1592092 is divided by 14.
12
Calculate the remainder when 2061803 is divided by 2241.
83
Calculate the remainder when 140454930 is divided by 151.
15
Calculate the remainder when 12398 is divided by 1295.
743
What is the remainder when 9769388 is divided by 838?
822
What is the remainder when 47009380 is divided by 139?
136
What is the remainder when 1709769 is divided by 341767?
934
Calculate the remainder when 635196 is divided by 317591.
14
What is the remainder when 2066177 is divided by 340?
337
Calculate the remainder when 106183351 is divided by 988.
27
Calculate the remainder when 10529827 is divided by 630.
7
What is the remainder when 2567802 is divided by 185?
2
What is the remainder when 1043192 is divided by 315?
227
Calculate the remainder when 3688520 is divided by 3457.
3358
Calculate the remainder when 115344491 is divided by 698.
689
Calculate the remainder when 791412 is divided by 79121.
202
Calculate the remainder when 14645292 is divided by 93880.
12
What is the remainder when 93037963 is divided by 179?
28
What is the remainder when 104723 is divided by 6307?
3811
What is the remainder when 339476 is divided by 5607?
3056
What is the remainder when 124905 is divided by 7?
4
Calculate the remainder when 106375646 is divided by 7288.
7286
Calculate the remainder when 15429310 is divided by 1240.
1230
What is the remainder when 2825781 is divided by 469?
56
What is the remainder when 4975097 is divided by 1243766?
33
What is the remainder when 21038071 is divided by 13116?
7
What is the remainder when 17799174 is divided by 24483?
33
Calculate the remainder when 2928524 is divided by 27.
23
Calculate the remainder when 4243445 is divided by 2121719.
7
What is the remainder when 782274 is divided by 71115?
9
Calculate the remainder when 50235736 is divided by 173.
169
What is the remainder when 10516576 is divided by 154?
70
Calculate the remainder when 329247 is divided by 62.
27
Calculate the remainder when 78300 is divided by 7114.
46
Calculate the remainder when 41808308 is divided by 84.
80
What is the remainder when 337518 is divided by 278?
26
Calculate the remainder when 14635078 is divided by 4878340.
58
Calculate the remainder when 37817577 is divided by 615.
612
Calculate the remainder when 1097424 is divided by 41.
18
Calculate the remainder when 16352 is divided by 35.
7
Calculate the remainder when 3517641 is divided by 2050.
1891
What is the remainder when 4182118 is divided by 360?
358
Calculate the remainder when 994284 is divided by 6857.
19
Calculate the remainder when 2023936 is d